et g be u(t). Suppose -6*y - 80 = -g*y. List the prime factors of y.
2
Let l = -12 - -8. Let a be l/18 + (-94)/(-18). Let y = a - -3. What are the prime factors of y?
2
Suppose 2*p + p = -3*n - 3, -3 = -5*p - n. Let f(m) be the first derivative of 13*m**4/4 - 2*m**3/3 + m**2/2 - 7. What are the prime factors of f(p)?
2, 3
Let g(s) = -9 - 2 + 0 + 0 + 11*s. List the prime factors of g(6).
5, 11
Let z(p) = -p**3 - 4*p + 9 - 5*p + 10*p**2 + 2*p. List the prime factors of z(9).
3
Let j(w) be the first derivative of w**4/4 + 2*w**3 + 3*w - 2. Let d be j(-6). Suppose 3*p - 3*x + 2*x = 10, 4*p - 9 = -d*x. List the prime factors of p.
3
Suppose 13*s - 12*s = 281. List the prime factors of s.
281
Suppose -12*x + 4522 = 7*x. List the prime factors of x.
2, 7, 17
Suppose -8*t + 26 = 3*k - 4*t, -k + 2*t + 2 = 0. Suppose 4*c = 2*c + k. Suppose -v - 52 = -4*q, 3*q - 22 = -c*v + 17. List the prime factors of q.
13
Let s(u) = 33*u - 2. Let b(f) = -16*f + 1. Let z(c) = 9*b(c) + 4*s(c). What are the prime factors of z(-1)?
13
Suppose -7 = -t - 1. Suppose -t = 3*m - 6*m. List the prime factors of 1 + 0 + 6/m.
2
Suppose -4 = g, 4*o - 208 = -g + 3*g. Suppose 5*z - o + 0 = 0. Let v = -6 + z. List the prime factors of v.
2
Let n(h) = 3*h**2 + h. Let z be n(-3). Suppose 2*x + z = 4*f, 28 = 3*f + 2*x - x. What are the prime factors of f?
2
Let p(n) = 2*n**2 - 5*n + 5. Let d be p(6). Suppose 4*t - 25 = d. List the prime factors of t.
2, 3
Suppose 0*j - 4 = -2*j. Suppose 0*r - 18 = -j*r. Suppose y - r = 6. List the prime factors of y.
3, 5
List the prime factors of (2 - 0) + (-292)/(-4).
3, 5
What are the prime factors of (190/4)/(1/2)?
5, 19
Suppose 0 = 2*q + 2*q - 12. Suppose q*u = 8*u. Suppose 5*y + 16 = 4*m + 67, u = -y + 3*m + 19. What are the prime factors of y?
7
Suppose -4 + 10 = 3*u. Let r = 2 + 0. Suppose -3*s = -u*s - r. List the prime factors of s.
2
Let q(l) = -3*l + 4. Let u = -43 - -64. Let s be (7/u)/(1/(-15)). What are the prime factors of q(s)?
19
Suppose -2*h - 12 = -4*c - h, 2*c - 4*h + 8 = 0. Suppose 3*m + c*b - 95 = 0, 0 = b + 4 - 3. Let v = m + -22. What are the prime factors of v?
11
Let i be (-2)/(-4) - 20/(-8). Suppose 2*q - 18 = -4*p, 0*q = 4*p + q - 13. Suppose -2*y - 4*v = 12, 0*y - p*y + i*v + 16 = 0. List the prime factors of y.
2
Let i(g) = g**3 + 10*g**2 - 14*g - 13. Let c be i(-11). Suppose d = -d + c. List the prime factors of d.
2, 5
Let d(x) = 3*x + 1. Let i(t) = t**2 + t - 1. Let s be i(0). Let b be d(s). What are the prime factors of 11 + 2 + b - 2?
3
Let a(q) = q**2 + 10*q + 2. Let v = 0 - 5. Let o be a(v). Let y = -12 - o. What are the prime factors of y?
11
Let u(a) = a + 7. Let g be u(-3). Let t(r) = 3*r**3 + r**2 + 2*r + 10. Let q(f) = -2*f**3 - f - 5. Let y(m) = -5*q(m) - 3*t(m). List the prime factors of y(g).
7
What are the prime factors of (0 - 61)*1/(-1)?
61
Let i(g) = -45*g - 1. What are the prime factors of i(-1)?
2, 11
Let u = -26 + 40. What are the prime factors of u?
2, 7
Let o = 40 - 68. Let y(f) = f**2 - 8*f - 8. Let h be y(6). Let b = h - o. List the prime factors of b.
2
Suppose 0 = q + 22 - 71. Suppose -13 = 5*i + 7, -2*f + 34 = 5*i. Let d = q - f. What are the prime factors of d?
2, 11
Suppose 0 = -2*p + 7 + 3. Suppose -o + 3*o = -4*d, 0 = p*d - 2*o - 18. What are the prime factors of 2/2 - (-1 - d)?
2
Let x = 84 - 17. List the prime factors of x.
67
Let t be (-2)/6 + 52/12. Suppose 0 = h - b - 4 - 1, -2*h + t*b + 20 = 0. Suppose -2*z + 4 = -3*v, 3*z + 2*v = -h*v + 32. List the prime factors of z.
2
Let k(h) = h**3 + 18*h**2 - 23*h + 14. What are the prime factors of k(-19)?
2, 3, 5
Suppose 3*n = -o + 116, 0 = -9*n + 4*n + 2*o + 197. What are the prime factors of n?
3, 13
Let k = -100 - -191. Let z = -33 + k. Suppose -4*v + 0*v = u - 66, -z = -4*v + 3*u. List the prime factors of v.
2
Let o be (-5 - (-2 + 0)) + 5. List the prime factors of (-6)/(-12) - (-51)/o.
2, 13
Suppose -2*b = -4*c + b + 70, 2*c + b - 30 = 0. Suppose 18 = 3*m - 5*t - c, -2*t = -2. What are the prime factors of m?
13
Let s = -63 + 178. What are the prime factors of s?
5, 23
Suppose 0 = -0*g + 3*g. Suppose -6*z + z = g. Suppose -c + 17 = -z*c. List the prime factors of c.
17
Suppose -2 = 4*p + 2. Let y = 4 + -3. List the prime factors of 12/y + (0 - p).
13
Let h(o) = 5*o. Let v be h(1). Suppose -3*g + v + 1 = 0. What are the prime factors of g?
2
Let q = 42 - 32. What are the prime factors of q?
2, 5
Let t = 4 - 0. List the prime factors of 4/(t/27) + -4.
23
Let n(m) = -m + 4. Let u be n(0). Suppose 22 = -2*t + u*t. What are the prime factors of t?
11
Suppose 7*y - 546 = -0*y. List the prime factors of y.
2, 3, 13
Let m(j) = -j. Let h be m(-2). Suppose 3*p - 6 = 0, 3*q - 49 = -h*p - 12. List the prime factors of q.
11
Let l(q) = -2*q**3 + q**2 + q - 1. Let h be l(1). Let o = h - -9. What are the prime factors of o?
2
Let y = -21 - -60. List the prime factors of y.
3, 13
Suppose -14*p = -18*p + 408. What are the prime factors of p?
2, 3, 17
Suppose -o = -5*i + 45, -20 = -2*i - 2*i + 4*o. List the prime factors of i.
2, 5
Suppose -3*p - 2*p = -85. Suppose -3*w - 11 = -5*o, -w = 4*o - 9*o + p. List the prime factors of o.
2
Let r(a) = 3*a - 1. Suppose 2 = 3*s - s. Let w be r(s). Suppose 6*f = 2*f + w*q + 10, 4*f + 5 = 5*q. List the prime factors of f.
5
Suppose -3*c - 10 = -5*d, -c + 3*d + 2 - 4 = 0. Let s(q) = q**2 + 6*q + 7. Let w be s(c). Suppose -w*v = -0*v - 32. What are the prime factors of v?
2
Let r(z) be the first derivative of -13*z**4/4 + z**3 + z**2 + 3. What are the prime factors of r(-1)?
2, 7
What are the prime factors of 1/((903/(-132))/7 + 1)?
2, 11
Suppose 0 = -0*b + 7*b. Suppose -2*h + 2*n + 52 = b, h = -n + 16 + 4. List the prime factors of h.
23
Let f(o) = o**2 + 3*o - 3. Let u be f(-4). List the prime factors of ((-2)/u)/(3/(-24)).
2
Let y(l) = -l**2 + 8*l + 6. Let h be y(8). Let i(j) = j**2 + 7*j - 4. Let b(m) = -m**2. Let f(s) = 2*b(s) + i(s). List the prime factors of f(h).
2
Let s(z) = -z**3 - 9*z**2 - 30*z - 6. What are the prime factors of s(-9)?
2, 3, 11
Let z = 1 + -4. Suppose 3*o - 2*o + 5*q = -6, o - q = 12. List the prime factors of z/(o/(-21)) - 0.
7
Suppose b - 3*j + 144 = 4*b, 2*b = -5*j + 90. List the prime factors of b.
2, 5
Suppose 13*y - 9*y - 264 = 0. List the prime factors of y.
2, 3, 11
Let h(s) be the second derivative of -11*s**5/20 - s**4/12 - s**3/3 - s**2/2 + 2*s. Let l = -6 - -5. List the prime factors of h(l).
11
Suppose -o - w = o - 595, -2*w = 2*o - 590. List the prime factors of o.
2, 3, 5
Let u(s) = -s**3 + 8*s**2 + s - 4. Let v be u(8). Suppose 5*h - v*h = 17. Suppose h = 2*c + 1. List the prime factors of c.
2
Suppose 4*a - 6*a + 4 = 0. Let g = a + 2. Suppose 2*u - g*v - 16 = 0, -2*v = 3*v - 25. What are the prime factors of u?
2, 3
Suppose 23*c - 33*c = -30. List the prime factors of c.
3
Let h(t) = -t**3 + 15*t**2 + 20*t + 14. What are the prime factors of h(16)?
2, 3, 13
Suppose 5*x - 3*a - 44 = -a, -4*a + 42 = 3*x. Suppose 5*d = 5*w - x, 0*w = 2*w - 6. List the prime factors of d - 0 - 0 - -5.
2, 3
Let x(f) = f**3 + 7*f**2 + 5*f - 3. Let h be x(-6). Suppose -h*i = u + 2*u + 3, 3*u - 18 = 4*i. Suppose 1 - 11 = -u*m. List the prime factors of m.
5
Let i(v) = 13*v**3 - 3*v**2 + 3*v. List the prime factors of i(2).
2, 7
Let p(b) = b**2 - 3*b + 5. List the prime factors of p(6).
23
Let s = 13 - 22. Let v = s + 22. What are the prime factors of v?
13
Suppose 4 = 5*l - 8*d + 4*d, -2*d + 8 = 0. Suppose -j - 2*j + 30 = x, 12 = -l*j. List the prime factors of x.
3, 13
Let v be (-1)/(-2*3/(-42)). Let x = v - -13. List the prime factors of x.
2, 3
Suppose -6*f = -5*r - 4*f + 1508, -f + 303 = r. What are the prime factors of r?
2, 151
Let b(r) = -r + 11. Let i be b(8). Suppose 3*u - 8*u + 155 = 5*z, i*u - 5*z = 77. List the prime factors of u.
29
Let g(v) be the first derivative of -v**4/4 + 5*v**3/3 - v**2/2 + 7*v + 1. Let s be g(5). Suppose 6 = -s*u + 32. What are the prime factors of u?
13
Let q(k) = k**2 + 7*k - 9. Let m be q(-8). Suppose 0 = 4*f - 2*z - 26, -3*f - 4 = -3*z - 25. Let p = f + m. List the prime factors of p.
5
Let z be (-2)/(-4) - (-33)/6. Let a be (z + 0)*(-2 + 1). List the prime factors of a*(-6)/9*2.
2
Let q = -9 + 5. Let w(u) = 3*u - 1. Let d be w(q). Let v = d - -23. Lis